o base 15.
-99d
-995 (base 15) to base 13
-ca7
What is -11101001110 (base 2) in base 15?
-84a
What is 110100001001 (base 2) in base 6?
23241
-45742 (base 10) to base 8
-131256
4310 (base 9) to base 11
2420
Convert 997 (base 13) to base 2.
11001101101
What is 11d9 (base 15) in base 8?
7334
25362 (base 8) to base 14
4014
What is -433421 (base 5) in base 7?
-61220
What is -156bc (base 13) in base 8?
-117413
-634 (base 9) to base 6
-2221
What is -3244 (base 5) in base 11?
-379
-2258 (base 9) to base 11
-1291
-aa80 (base 13) to base 12
-11904
Convert -111425 (base 6) to base 3.
-110221222
What is 713 (base 10) in base 4?
23021
What is 5766 (base 13) in base 2?
10111111011100
What is -3ae (base 15) in base 14?
-43d
What is 11010010 (base 2) in base 15?
e0
What is -111012 (base 3) in base 12?
-258
-1240 (base 5) to base 3
-21020
Convert 738a (base 12) to base 5.
401014
Convert -14576 (base 13) to base 15.
-b52b
What is -21428 (base 9) in base 7?
-56255
Convert 4048 (base 9) to base 3.
11001122
Convert -127872 (base 9) to base 8.
-230243
-9abd (base 14) to base 6
-324103
Convert -562 (base 7) to base 15.
-144
7599 (base 10) to base 15
23b9
-5025 (base 6) to base 14
-585
-100101102 (base 3) to base 6
-51402
-a37 (base 11) to base 12
-882
Convert 13b87 (base 16) to base 2.
10011101110000111
Convert 1448 (base 12) to base 4.
210320
Convert -10e (base 15) to base 2.
-11101111
What is 21221 (base 6) in base 5?
43033
65061 (base 7) to base 5
1004124
3312 (base 6) to base 16
2fc
Convert -204170 (base 8) to base 5.
-4131304
2121221 (base 5) to base 15
a926
What is 1233022 (base 5) in base 6?
303425
Convert 932 (base 12) to base 7.
3614
What is -13020 (base 7) in base 15?
-1049
What is 212202 (base 5) in base 8?
16011
Convert -163745 (base 8) to base 16.
-e7e5
-13416 (base 7) to base 4
-320313
Convert 630 (base 11) to base 15.
359
What is 855 (base 11) in base 7?
2666
What is 1004100 (base 5) in base 8?
37426
What is 2d39 (base 16) in base 8?
26471
What is 110000110111 (base 2) in base 15?
dd7
Convert -10b8 (base 15) to base 3.
-11212102
Convert -1111110201 (base 3) to base 9.
-44421
2001021 (base 3) to base 14
788
What is -346 (base 11) in base 2?
-110011101
1928 (base 10) to base 13
b54
4c27 (base 13) to base 15
3334
What is 45 (base 8) in base 16?
25
Convert 3884 (base 12) to base 2.
1100100100100
Convert 7788 (base 15) to base 10.
25328
What is -5034 (base 7) in base 15?
-7b0
1002311 (base 5) to base 4
3321110
255 (base 7) to base 13
a8
Convert 2997 (base 13) to base 11.
45a0
What is 1d1 (base 15) in base 6?
1541
Convert -56701 (base 8) to base 7.
-126655
What is 1b9b (base 12) in base 3?
11201002
Convert -123300 (base 4) to base 16.
-6f0
1d0 (base 16) to base 3
122012
30523 (base 7) to base 8
16451
-1579 (base 11) to base 12
-1206
Convert -2a622 (base 11) to base 7.
-240235
Convert -91e (base 16) to base 9.
-3173
-10111110102 (base 3) to base 10
-68861
Convert -1550 (base 15) to base 5.
-121300
What is 503 (base 10) in base 4?
13313
647 (base 10) to base 4
22013
Convert -12636 (base 7) to base 15.
-1023
Convert 61b (base 12) to base 5.
12022
Convert 245443 (base 7) to base 8.
130150
What is d23 (base 15) in base 14?
1114
Convert -1371 (base 9) to base 16.
-40c
What is 6442 (base 8) in base 16?
d22
Convert -111100100010011 (base 2) to base 16.
-7913
What is 30426 (base 7) in base 16?
1cfb
Convert 1657 (base 8) to base 5.
12233
Convert 55450 (base 9) to base 11.
25732
What is 1372 (base 9) in base 15?
492
Convert 5a2 (base 11) to base 7.
2043
1100110010110 (base 2) to base 12
395a
What is -140250 (base 7) in base 9?
-40363
Convert 22022112 (base 3) to base 11.
4611
What is -1e73 (base 16) in base 6?
-100031
-24454 (base 12) to base 3
-2111020201
What is -2301 (base 7) in base 16?
-342
1304 (base 7) to base 3
200022
Convert -281 (base 11) to base 13.
-1c6
What is -b5ba (base 12) in base 14?
-7354
What is 1201202 (base 3) in base 10?
1262
10973 (base 13) to base 4
13113200
What is 120012200 (base 3) in base 9?
16180
What is -1b09 (base 15) in base 3?
-22001000
Convert 52102 (base 6) to base 2.
1101100100110
Convert -22311 (base 4) to base 5.
-10233
What is -143a5 (base 12) in base 14?
-a3c9
What is -443030 (base 5) in base 11?
-10621
Convert 13144 (base 6) to base 16.
7d8
Convert -65044 (base 7) to base 12.
-9421
What is 13022 (base 7) in base 3?
11201122
Convert -1202 (base 6) to base 8.
-442
-515 (base 12) to base 7
-2102
What is 2b1d (base 14) in base 8?
16767
4414 (base 12) to base 11
5702
-11306 (base 7) to base 2
-101101010001
What is 33331 (base 4) in base 5?
13041
What is 1121011210 (base 3) in base 6?
401420
What is d74 (base 15) in base 7?
11563
Convert 52124 (base 8) to base 13.
9a98
What is 424 (base 5) in base 15?
79
bd81 (base 15) to base 14
108d5
Convert 14691 (base 10) to base 14.
54d5
What is 255 (base 15) in base 12?
382
What is 16438 (base 9) in base 12?
6652
-1101001 (base 3) to base 15
-46a
Convert 3130 (base 5) to base 3.
120101
-cd6 (base 15) to base 7
-11313
What is -21022 (base 3) in base 10?
-197
What is 13221 (base 4) in base 11?
405
What is 1001010110010 (base 2) in base 9?
6507
-122212 (base 6) to base 2
-10101010000000
Convert 1110100000101 (base 2) to base 7.
30442
2776 (base 8) to base 9
2084
What is -252 (base 9) in base 2?
-11010001
What is 1110101100010 (base 2) in base 12?
442a
-51b8 (base 15) to base 12
-9bb5
Convert -403 (base 13) to base 9.
-834
6a94 (base 11) to base 9
13672
What is 4a8 (base 13) in base 14?
422
Convert -2113120 (base 4) to base 15.
-2d0d
What is -233300 (base 4) in base 12?
-1928
-c9 (base 15) to base 14
-d7
-103121 (base 4) to base 2
-10011011001
6411 (base 10) to base 7
24456
282 (base 11) to base 7
653
Convert -24860 (base 9) to base 12.
-9830
299 (base 11) to base 8
536
Convert 2114 (base 6) to base 16.
1de
What is -5535 (base 7) in base 8?
-3702
Convert 1011100111101000 (base 2) to base 16.
b9e8
Convert bbb6 (base 16) to base 2.
1011101110110110
Convert 1b106 (base 13) to base 8.
147247
What is -110120102 (base 3) in base 15?
-2aae
-33687 (base 9) to base 8
-53643
What is -4206 (base 7) in base 4?
-113010
1000111111 (base 2) to base 14
2d1
-112010210 (base 3) to base 12
-5b70
What is -242 (base 7) in base 10?
-128
7b46 (base 15) to base 6
321050
110002101 (base 3) to base 2
10001001101100
Convert 103c (base 13) to base 10.
2248
2956 (base 16) to base 4
2211112
22403 (base 5) to base 6
11231
Convert 1df (base 16) to base 11.
3a6
Convert -570 (base 14) to base 11.
-8a0
What is -369 (base 10) in base 6?
-1413
5553 (base 14) to base 4
3212311
Convert 23310 (base 4) to base 5.
11011
-3357 (base 15) to base 2
-10101010000010
111010010 (base 2) to base 7
1234
2252 (base 8) to base 15
549
-7267 (base 15) to base 9
-36137
-373d (base 14) to base 7
-40106
What is -21212 (base 9) in base 11?
-a59a
Convert 1576 (base 9) to base 6.
5323
What is -21206 (base 11) in base 8?
-74215
-230 (base 6) to base 15
-60
What is -3e3 (base 15) in base 3?
-1012220
What is 632 (base 7) in base 2?
100111101
Convert 45a7 (base 13) to base 3.
111101212
What is -2023 (base 4) in base 11?
-117
What is -136 (base 7) in base 10?
-76
-3607 (base 12) to base 15
-1bda
What is -1b6e (base 16) in base 6?
-52302
What is 1001000101111 (base 2) in base 14?
19a7
4235 (base 6) to base 7
2540
Convert 3313 (base 8) to base 12.
100b
Convert -22211032 (base 4) to base 15.
-cc97
What is 2023 (base 6) in base 16?
1bf
Convert -1608 (base 14) to base 9.
-5344
Convert -44332 (base 5) to base 12.
-1958
Convert -1948 (base 10) to base 3.
-2200011
What is -20211 (base 3) in base 2?
-10111000
745c (base 15) to base 10
24612
Convert 10461 (base 13) to base 9.
44183
Convert 3101030 (base 4) to base 3.
200100212
What is -13250 (base 7) in base 10?
-3563
Convert 102000200 (base 3) to base 13.
3873
a8 (base 12) to base 8
200
What is 1000111010 (base 2) in base 13?
34b
What is 695b (base 14) in base 15?
5659
What is 55a (base 11) in base 7?
1645
What is -104342 (base 5) in base 10?
-3722
What is -303204 (base 5) in base 8?
-23114
Convert -1111012 (base 3) to base 6.
-5005
-3244 (base 6) to base 12
-524
-a5 (base 16) to base 11
-140
337 (base 9) to base 4
10111
What is 530c (base 13) in base 2?
10110011110000
What is 963 (base 10) in base 4?
33003
What is -